2460?
7
What is the greatest common factor of 5675409 and 1779363?
8433
What is the highest common factor of 3149 and 616734?
47
What is the greatest common factor of 11086279 and 55645?
359
What is the highest common factor of 242174049 and 78?
39
Calculate the greatest common factor of 97825 and 63167.
559
What is the highest common factor of 485073945 and 270?
45
Calculate the greatest common divisor of 15553989 and 198.
99
Calculate the highest common factor of 413026 and 1886294.
4258
What is the greatest common factor of 37484 and 80243873?
9371
Calculate the greatest common divisor of 67 and 26827.
1
Calculate the highest common factor of 2794 and 7994008.
22
What is the highest common divisor of 1554 and 116692302?
222
What is the highest common factor of 999159 and 300039?
2913
What is the greatest common factor of 394 and 4257761?
197
Calculate the greatest common factor of 55587378 and 3465.
231
Calculate the greatest common divisor of 2599896 and 18252.
2028
What is the highest common factor of 7631993 and 604?
151
Calculate the greatest common divisor of 341430 and 11172.
114
What is the highest common factor of 24969836 and 452?
452
What is the highest common divisor of 800 and 317725200?
400
What is the greatest common factor of 34289 and 7622243?
2017
Calculate the greatest common divisor of 104 and 1467518.
26
Calculate the highest common divisor of 4216 and 408136.
136
Calculate the highest common divisor of 627 and 33232254.
627
What is the highest common factor of 153 and 1261281?
51
Calculate the greatest common factor of 2377418 and 782.
46
What is the greatest common divisor of 17395 and 2375?
5
Calculate the highest common factor of 20639645 and 6045.
2015
What is the highest common divisor of 3332 and 64250123?
833
What is the greatest common factor of 505943 and 60131?
383
Calculate the highest common divisor of 1813 and 15095593.
37
What is the greatest common divisor of 13685 and 65487808?
391
Calculate the highest common divisor of 1332 and 64768167.
333
Calculate the greatest common factor of 11206 and 49784810.
862
What is the greatest common divisor of 868 and 22655234?
434
Calculate the greatest common divisor of 82345802 and 6766.
398
What is the highest common factor of 246 and 87531351?
123
What is the greatest common divisor of 1008738 and 16?
2
What is the highest common factor of 279452096 and 1001?
77
Calculate the highest common factor of 1018377 and 1611.
9
Calculate the greatest common divisor of 30889664 and 26715.
1781
Calculate the greatest common divisor of 1030 and 22130030.
10
Calculate the highest common factor of 22896 and 1941072.
2544
Calculate the highest common factor of 77840 and 139720.
280
What is the greatest common factor of 33528455 and 8860?
2215
What is the highest common divisor of 701568 and 2059232?
6496
Calculate the greatest common factor of 6512496 and 96186.
2346
Calculate the highest common factor of 48577148 and 228.
76
Calculate the greatest common factor of 49419 and 627399.
171
Calculate the greatest common divisor of 107959740 and 1225.
245
What is the highest common divisor of 424 and 203128?
8
Calculate the highest common divisor of 84 and 16947684.
12
Calculate the highest common divisor of 6072711 and 2.
1
What is the highest common divisor of 6796651 and 901?
17
Calculate the highest common divisor of 1042415 and 10285.
605
Calculate the highest common factor of 37560 and 1598178.
1878
Calculate the highest common divisor of 833150 and 7372.
38
Calculate the highest common divisor of 1094460 and 2856.
204
What is the highest common factor of 25363250 and 89125?
2875
Calculate the highest common factor of 967525 and 3575.
325
What is the greatest common divisor of 902 and 19854142?
22
Calculate the greatest common factor of 7536 and 5554974.
942
What is the highest common divisor of 61 and 2785199?
61
Calculate the greatest common factor of 23974080 and 1105.
1105
Calculate the greatest common factor of 1694502 and 17802.
414
What is the highest common factor of 24036558 and 19110?
3822
What is the highest common factor of 154623 and 4403?
259
Calculate the highest common divisor of 315 and 4780734.
21
What is the greatest common divisor of 33291 and 15363?
27
What is the highest common divisor of 343500 and 20983500?
1500
Calculate the greatest common divisor of 4748475 and 22275.
75
What is the highest common factor of 32016 and 107364?
276
Calculate the greatest common factor of 22750 and 3003.
91
Calculate the greatest common divisor of 2506 and 21618009.
1253
What is the highest common divisor of 11824 and 7977505?
739
What is the greatest common factor of 7122554 and 26580?
886
Calculate the highest common divisor of 125676 and 212.
4
Calculate the highest common factor of 2431 and 2530.
11
What is the highest common divisor of 260 and 22345310?
130
What is the highest common factor of 160 and 3771830?
10
Calculate the greatest common factor of 209348 and 429216.
1052
What is the greatest common divisor of 1799 and 71099?
7
Calculate the highest common divisor of 116 and 13675124.
116
What is the greatest common divisor of 21328 and 3720403?
1333
Calculate the highest common divisor of 3424285 and 310.
5
Calculate the greatest common factor of 4884912 and 432.
144
Calculate the highest common factor of 8964 and 190213092.
2988
What is the highest common divisor of 4344 and 1872807?
543
What is the greatest common factor of 12698144 and 24?
8
What is the greatest common divisor of 1982643 and 159?
3
Calculate the greatest common divisor of 232818 and 4110.
6
Calculate the highest common factor of 1580209 and 40661.
557
Calculate the highest common divisor of 24 and 2195748384.
24
What is the highest common factor of 64117 and 12909991?
661
What is the highest common divisor of 378459 and 17189820?
3537
Calculate the highest common divisor of 20626768 and 272.
16
What is the greatest common divisor of 1915 and 68835058?
383
What is the greatest common factor of 88214573 and 1?
1
What is the greatest common factor of 96 and 1139934?
6
What is the highest common divisor of 10857634 and 5246?
122
What is the highest common divisor of 335909 and 63497?
329
Calculate the greatest common factor of 127032060 and 6.
6
What is the greatest common divisor of 99591305 and 275?
55
Calculate the greatest common factor of 31 and 25631141.
31
What is the highest common factor of 351120 and 1276?
44
Calculate the highest common divisor of 874012 and 7332.
188
What is the greatest common divisor of 86222339 and 10367?
10367
What is the greatest common divisor of 3636 and 1255248?
36
What is the highest common divisor of 303705527 and 102?
17
What is the greatest common factor of 7185168 and 615?
123
What is the greatest common divisor of 5 and 349156355?
5
What is the highest common divisor of 35 and 1061630?
5
What is the greatest common factor of 102296 and 8227?
19
What is the highest common divisor of 204 and 11355116?
68
What is the highest common factor of 5238 and 40663467?
873
Calculate the greatest common divisor of 144 and 13275468.
36
What is the greatest common factor of 1171468 and 88?
4
Calculate the highest common divisor of 697 and 34462919.
41
What is the highest common divisor of 520767 and 2223?
117
What is the highest common divisor of 511 and 8505?
7
Calculate the greatest common divisor of 235 and 267395.
5
Calculate the highest common factor of 954 and 14360418.
18
Calculate the greatest common divisor of 106977 and 1060908.
633
What is the highest common divisor of 3898852068 and 3252?
3252
What is the highest common factor of 40973800 and 196?
196
Calculate the greatest common divisor of 3626 and 1325712738.
3626
Calculate the highest common divisor of 728442 and 1248.
78
What is the highest common factor of 6340850 and 14500?
1450
Calculate the greatest common divisor of 236 and 2059454.
118
Calculate the greatest common divisor of 5723 and 83323.
97
What is the highest common divisor of 74256 and 3009?
51
Calculate the highest common factor of 7242 and 98876233.
1207
Calculate the highest common divisor of 8673 and 152399065.
2891
Calculate the highest common factor of 5470728 and 9528.
24
What is the highest common factor of 2340 and 4622880?
60